culate the remainder when 99 is divided by j.
14
Suppose -6 = -2*y + 18. Let k(t) = -t**3 - 4*t**2 - 2*t - 14. Suppose -13*n + n = 72. What is the remainder when k(n) is divided by y?
10
Let c = -17 + 28. Let t(j) = j + 28. Let r be t(-26). What is the remainder when c is divided by ((-234)/(-504) + r/7)*8?
5
Let u = 122 - 26. Suppose 3*f - 5*l - u = 19, 2*l = f - 40. What is the remainder when (1 - 7)*27/(-2) is divided by f?
21
Suppose -z - 3 = -0*z - d, z = -5*d + 27. Suppose -4*k - 2*r - 74 = 0, 3*k - 2 = 4*r - 74. Calculate the remainder when 142 is divided by z - (-38 + k/(-5)).
34
Let l = -47 - -45. Let m(d) = -33*d + 4. Let g be m(l). Let k = g + 19. Calculate the remainder when k is divided by 34.
21
Let y(j) = 49*j + 149. Suppose -3*u + 4*x = 5*x + 10, 2*x + 14 = -3*u. What is the remainder when 105 is divided by y(u)?
3
Suppose 0 = -24*v + v + 3795. Let m = 189 - v. Calculate the remainder when m is divided by 5.
4
Let g be (-77 - -1)/4 + (-21)/(-7). Calculate the remainder when ((-952)/g)/17*(0 - -38) is divided by 45.
43
Suppose 1836 - 4801 = -5*a + 2*h, -4*h = -a + 575. Calculate the remainder when 1260 is divided by a.
70
Suppose 346*c + 208*c - 203872 = 0. Calculate the remainder when 1374 is divided by c.
270
Let r(j) = 4*j + 4. Let y be r(3). Suppose d - y = -1. Calculate the remainder when d is divided by 24/(-60) + (-37)/(-5).
1
Let y(h) = 39*h**2 + 45*h - 44. Let s be y(1). Suppose -18*i = 22 - s. What is the remainder when 1 is divided by i?
0
Let q be (6 + -16)*6/(-10) - 1. Let j be q/((-5)/(-11)) + -2. Suppose 740 = j*w + w. Calculate the remainder when w is divided by 39.
35
Let p(u) = -5*u**2 - 4*u**2 + 9 - u**2 + 12*u**2 + 33*u - 6. Suppose 36 = 5*h + 121. What is the remainder when 77 is divided by p(h)?
17
Suppose 0 = 33*z - 3*z. Calculate the remainder when 98 is divided by (-3 - z)/(2/(-4)).
2
Suppose -2*g - 127 - 75 = 0. Let u = -4891 + 5197. Let i = u + g. What is the remainder when i is divided by 52?
49
Suppose -33195 = 67*k - 142*k + 12480. Calculate the remainder when k is divided by 9.
6
Suppose -36*c = -37*c + 5*z + 37192, -3*c = -2*z - 111459. What is the remainder when c is divided by 21?
19
Let v = -341 - -535. Suppose -5*d + r = -v, 3*r = d + 3*d - 153. Let i(c) = -13*c + 1. Calculate the remainder when d is divided by i(-1).
11
Suppose 0 = 2*o + l + 53, -5*l - 2 + 7 = 0. Suppose -5*b = -4*d - 706 - 119, -660 = -4*b - 5*d. Calculate the remainder when b is divided by 6/o + 2032/72.
25
Suppose 11*u + 302254 = 90*u. What is the remainder when u is divided by 43?
42
Suppose 44*n + 114 = 25*n. Calculate the remainder when (-225750)/(-390) - n/39 is divided by 83.
81
Let w be ((-232)/8)/(-6 + 5). Suppose w = 8*b - 307. What is the remainder when 249 is divided by b?
39
Suppose -314*c + 264 = -290*c. Let m = -20 - 35. Let s = -23 - m. What is the remainder when s is divided by c?
10
Suppose -2*c - 3*j = -19, -11*j + 12*j - 33 = -4*c. Suppose 4*u = -5*z + 437, 10*z + 571 = 5*u + c*z. What is the remainder when u is divided by 23?
21
Suppose z - 333 = 3*u, 3*z - 5*z = 4*u + 444. Let t = 159 + u. What is the remainder when t is divided by 19?
10
Calculate the remainder when 250 is divided by (-1 - (-35)/25)/((-68)/(-5780)).
12
Let l(m) = -225*m - 2635. What is the remainder when l(-13) is divided by 40?
10
Let t = -380 + 567. Let x = t - 136. Calculate the remainder when x is divided by 27.
24
Suppose -3*t + 103 = p, 4*p - 3*t - 283 - 54 = 0. Calculate the remainder when 455 is divided by p.
15
Suppose -20 = -7*j + 3*j. Calculate the remainder when j is divided by (1 - 4) + 7 + 0 + -1.
2
Let w(a) = -a**3 - 38*a**2 - 3*a + 1508. Calculate the remainder when w(-37) is divided by 60.
10
Let p = -14 - -23. Suppose -2*n + 36 = y + 3*y, n = -5*y + 45. Calculate the remainder when y/(162/420)*3 is divided by p.
7
Let x be -1 - (-4 + 18/4)*-1230. Suppose -817 = -4*a + 5*p, -4*p - p = -3*a + x. What is the remainder when a is divided by 41?
39
Let n be ((-27)/(-4))/((-32)/576)*2. Let b = n - -405. What is the remainder when b is divided by 55?
52
Calculate the remainder when 9589 is divided by 24/(-504) + (-5756)/(-42).
136
Let s(y) = -y**2 - 17*y - 10. Let v be s(-12). Let w = v - -57. What is the remainder when w is divided by 58?
49
Let y(p) = -20*p + 220. Let a be y(11). Let d(n) = -n**3 - n + 20. Calculate the remainder when d(0) is divided by (-2)/17 - (a + (-265)/85).
2
Let u = 0 - -4. Suppose 7*x - 22 = -4*x. Suppose -3*n + 4*c + 23 = -0*n, 0 = -c - x. Calculate the remainder when n is divided by u.
1
Suppose 0 = -4*k + 16, 0 = 49*i - 47*i + 2*k - 172. Calculate the remainder when 89 is divided by i.
7
Let o(z) = -118*z - 1602. What is the remainder when o(-16) is divided by 138?
10
Let o = -170 - -233. What is the remainder when 1760 is divided by o?
59
Let h(z) = 58*z - 9. Let l be h(3). Suppose 160*y = l*y - 135. Calculate the remainder when 47 is divided by y.
20
Suppose 85 = q - 232. What is the remainder when q is divided by 62?
7
Suppose -169*z + 4*k = -166*z - 271, -5*z + 5*k = -440. What is the remainder when 387 is divided by z?
63
Calculate the remainder when (2/(-9))/(150/(-3990600)) is divided by 126.
116
Suppose 3*m + 4*k = 6, -8*k - 2 = -m - 4*k. Let h be (m - 2)/(12/(-3)). Suppose h = -16*u + 2*u + 2114. Calculate the remainder when u is divided by 11.
8
Suppose 20*h - 73*h - 1378 = 0. Let y = h - -398. What is the remainder when y is divided by 47?
43
Suppose 3*c + 1 = 4, -784 = -5*p - 4*c. Calculate the remainder when 305 is divided by p.
149
Suppose 2*h - 780 = 12*h. Let t = -74 - h. Suppose -x = -t*x + 123. Calculate the remainder when x is divided by 22.
19
Suppose 11*h + 5*x = 8*h - 1258, 5*h + 4*x = -2114. Let t = 438 + h. Calculate the remainder when 47 is divided by t.
11
Let r(l) = -3*l**3 + 746*l**2 - 485*l - 2692. What is the remainder when (2 - (3 + -1)) + 70 is divided by r(248)?
34
Let w(b) be the first derivative of 19*b**3/3 - 3*b**2/2 - 4*b - 34. What is the remainder when 34 is divided by w(-1)?
16
Suppose -2*x - f - 2 = -0*f, -f = -2*x + 2. Suppose -56 = -9*k + 6*k - 2*j, k - 4*j - 14 = x. Calculate the remainder when 1006 is divided by k.
16
Let m = -979 + 1056. Suppose 0 = -2*x + 2*c + 4 + 10, -3*c + 43 = 5*x. Calculate the remainder when m is divided by x.
5
Let b(r) = 5*r + 20. Let c be b(-4). Suppose u + 3*v = 2*v + 57, c = 5*u - 5*v - 295. Let n = -11 + 34. What is the remainder when u is divided by n?
12
Suppose 1221 = 2*t + b, -14*b + 18*b = 5*t - 3046. Calculate the remainder when t is divided by 126.
106
Let z(o) = 5*o**3 - 19*o**2 + 37*o + 5. What is the remainder when z(7) is divided by 26?
8
Let j be 2*3288/(-40) - 4/(-10). Let g = j + 170. What is the remainder when 26 is divided by g?
2
Suppose 862*o - 360 = 857*o. What is the remainder when 154 is divided by o?
10
Suppose -207 = -2*c - c. Suppose 3*l = -c - 75. Let y = l - -85. Calculate the remainder when y is divided by 15.
7
Let w = 7031 - 6951. Calculate the remainder when w is divided by 71.
9
Suppose 23*g = 15*g + 488. Suppose -n = -5*n - v + 88, 2*v - g = -3*n. What is the remainder when 107 is divided by n?
15
Let l = -168 - -225. Let w = -81 - -93. Calculate the remainder when l is divided by w.
9
Suppose y + 4*k - 60 = 49, -5*k = 5*y - 575. What is the remainder when 231 is divided by y?
114
Let z = 5781 - 4323. What is the remainder when z is divided by 456?
90
Let b(y) = 27*y. Let r(i) = i - 3. Let j be r(-6). Let h(f) = -f**3 - 5*f**2 + 23*f + 15. Calculate the remainder when h(j) is divided by b(1).
24
Suppose 5*i - 27 = -u, -i + 19*u = 21*u. Suppose 8*h - 119 = h. Calculate the remainder when h is divided by i.
5
Let q = -2103 - -5589. Suppose -13*b = -2312 - q. Calculate the remainder when b is divided by 7.
5
Calculate the remainder when 1876 is divided by (6/(-3) + 2 - -3)*392/294.
0
Let i(h) = h**3 + 3*h**2 - h + 6. Let c(b) = -b**3 - 3*b**2 - b + 1. Let t be c(3). Let l = t + 53. Calculate the remainder when 24 is divided by i(l).
6
Suppose 2*y + 4*n - 9846 = 0, 5*y + 3*n - 10967 = 13627. Calculate the remainder when y is divided by 9.
3
Let p(q) = -82 + 6*q - 22*q + 72. Suppose 3*k - 23 = -5*a, 32 = 2*k - 7*a + 2*a. Calculate the remainder when p(-4) is divided by k.
10
Calculate the 